rime factors of p(2).
2333
Suppose -3*m = 2*m + 20. Let p be (-1)/(m/(-4)) + 13. Suppose -g + 0*g = t - p, 2*g - 31 = -3*t. List the prime factors of t.
7
Let s be (19/(-2) + -1)*13332/(-707). Suppose -3*l + 24 = -l. Suppose -9*o - s = -l*o. List the prime factors of o.
2, 3, 11
Let s be 8/6 + (-2 - (-733)/(-3)). Let g = -66 - s. List the prime factors of g.
179
Suppose -4*p - 84 = 2*w, -3 = -5*w - p - 258. Let k be w/(-14) - 18/(-63). Suppose -c = -k*j + 37, 0*c - 3*c = 15. What are the prime factors of j?
2
Let o = -90 - -13. Let h(g) = g**3 - 6*g**2 - 2*g. Let j be h(5). Let b = j - o. List the prime factors of b.
2, 3, 7
What are the prime factors of (-4)/(-6) + 7 + 33030/27?
1231
Let u = 141 + 66. List the prime factors of u.
3, 23
Let r(f) = f**2 + 7*f + 10. Let g be r(-3). Let h(p) = 20*p**2 + 2*p - 1. List the prime factors of h(g).
3, 5
Suppose 4*c - 28860 = -4*q - 5584, 0 = 3*c + 5*q - 17463. What are the prime factors of c?
2, 727
Let u(t) = 6*t + 34. Let m be u(-6). Let s(b) = 19*b**2 - 2*b. List the prime factors of s(m).
2, 5
Suppose 12*v = -6*v + 6696. List the prime factors of v.
2, 3, 31
Let y be 2/7 - (-68)/7. Let o = y + -15. Let r = o + 12. What are the prime factors of r?
7
Let o(n) = 228*n**2 + n - 1. Let z be o(1). Suppose z = 9*i - 897. What are the prime factors of i?
5
Let w = 28 + -12. Let k = w + 2. What are the prime factors of (k/10)/(3/45)?
3
Suppose -44 = 4*j + 4*a, -5*j + 0*a - 2*a - 43 = 0. List the prime factors of (-6)/4*3*j*2.
3, 7
Suppose 65 = 8*h - 3*h. Let v = 16 - 22. Let o = h - v. What are the prime factors of o?
19
Let y(j) = -5*j**3 - 14*j**2 - j + 4*j**3 - 3 + 8*j**2. Let s be y(-8). Suppose 0 = r + 2*r + l - s, r - 3*l = 61. List the prime factors of r.
2, 23
Suppose -23 = 3*u + 19. Let x(h) = -h**3 - 15*h**2 - 18*h + 10. What are the prime factors of x(u)?
2, 3, 11
Let p(y) = 3*y**2 - 2*y + 5. Let l be p(7). Suppose 4*c - l = c. Let m = c - 7. What are the prime factors of m?
3, 13
Suppose -12443 = -69*y + 64*y + 3*a, -5*a = -2*y + 4962. What are the prime factors of y?
47, 53
Let u be (-4)/(-10) - (-8577)/45. Suppose 5*g = h - 99, g - 100 = -4*h + u. List the prime factors of h.
2, 37
Let v = 130 - 60. Let d be (-2)/(-10) + v/25. Suppose -d*s = 3*m + s - 13, -3*s + 18 = 3*m. List the prime factors of m.
11
What are the prime factors of (-48)/60 - (-72976)/20?
2, 3, 19
Let i = -10 + 12. Suppose -72 = -t - u + 3*u, -i*u = -2*t + 144. Suppose -2*j + 0*j = -t. What are the prime factors of j?
2, 3
Let u(f) = -9 + 2*f + 14 + f**2 - 2*f**2. Let g be u(2). Suppose 5*v + 385 = 5*p, 3*v - 281 = -g*p + 88. What are the prime factors of p?
3, 5
Let a(t) = t**2 - 2*t - 3. Let f be a(-1). Let j(y) = y**2 - 6*y + 19. What are the prime factors of j(f)?
19
Suppose -5*d = -7*d + 434. List the prime factors of d.
7, 31
Let k(u) = -u**3 + 8*u**2 - 9*u - 8. Let d be k(6). Let h(f) = 9*f - 22. List the prime factors of h(d).
2, 17
Let h = -4747 - -6958. List the prime factors of h.
3, 11, 67
Suppose 2654 = -5*g + 7944. List the prime factors of g.
2, 23
Suppose -4*s - 5*u + 2410 = 0, s + 2*u - 592 = 6*u. List the prime factors of s.
2, 3, 5
Let v(q) = -q**3 + 3*q**2 - 3*q + 4. Let m = -9 - -11. Let y be v(m). Suppose y*l - 81 = 33. What are the prime factors of l?
3, 19
Let g(x) be the first derivative of -x**3/3 + 25*x**2/2 + 31*x - 28. What are the prime factors of g(21)?
5, 23
Let u(w) = 13*w + w**2 + 1 - 13*w + 0*w**2. Let r be u(-7). Let c = r - 5. What are the prime factors of c?
3, 5
Suppose 3*x + 2*p + 2 + 19 = 0, 4*x + 23 = -p. What are the prime factors of ((-424)/(-10))/(x/(-25)*2)?
2, 53
Suppose 2*f = -3*o + 70, 5*o + 2*f - 90 = o. Suppose -4*w - 4*g + 8 = 0, 3*w + 3*g - 2*g - 12 = 0. Suppose w*t - o = 25. What are the prime factors of t?
3
List the prime factors of (-6)/10 + (-70)/150*-552.
257
Suppose -4555 = -6*b + 947. List the prime factors of b.
7, 131
Let f be 3/4 - (-1494)/24. List the prime factors of 2430/f - (-12)/(-21).
2, 19
Suppose 2*x - 791 = -q + 453, 2484 = 4*x + 4*q. Let i = x + -427. List the prime factors of i.
2, 7
Let z(s) = 36*s + 62. List the prime factors of z(23).
2, 5, 89
Let t(q) = -q**2 - 7*q - 4. Let w be t(-6). Suppose 0*k = 5*h + 2*k - 128, 4*k = -h + 40. Suppose m - h = -w*m. What are the prime factors of m?
2
Let c(s) = s**2 - 8*s + 7. Let d be c(7). Let y = 2 + d. Suppose -y*u + 2 = -4. What are the prime factors of u?
3
Suppose -24*o = -23*o. What are the prime factors of (-378)/(-10) + (-3)/(-15 + o)?
2, 19
Let v be 1*3/(-1) + 7. Let o(d) = -2 - 2*d**2 + d**3 - 3 + 2. List the prime factors of o(v).
29
Suppose -5820 = -4*t + 2*j, 0 = 2*t + 2*j - 3654 + 732. What are the prime factors of t?
31, 47
Suppose 2*r = -w - 460, -4*r + 3*w = 1419 - 509. Let s = r - -492. List the prime factors of s.
263
Suppose 11*l + 30*l - 63796 = 0. List the prime factors of l.
2, 389
Suppose 0 = -z + 2970 + 739. List the prime factors of z.
3709
Suppose 2*j - 2*h = -0*j - 6, 2*j + 12 = -4*h. Let m be (-2 + 3)*64 - j. Let g = -39 + m. What are the prime factors of g?
29
Let u(y) = y**3 + 30*y**2 + 80*y + 32. What are the prime factors of u(-26)?
2, 41
Suppose 18*g - 20*g + 8 = 0. Suppose 5*x + g*t = 316 + 267, 0 = -4*x + t + 479. What are the prime factors of x?
7, 17
Let r(b) = -2*b - 10. Let j be r(-7). Suppose -2*a - 143 = -j*a + 3*o, 5*a = o + 364. List the prime factors of a.
73
Let c = -696 - -2491. What are the prime factors of c?
5, 359
Suppose 0 = 2*n + g + 11, g - 2 + 5 = 0. Let z = 8 + n. Suppose 0 = z*r - r - 96. What are the prime factors of r?
2
Let z be (2/4)/((-1)/(-16)). Suppose 4*o - z = 284. Let f = o - 50. List the prime factors of f.
23
Let s be 0*((-6)/24 - (-5)/4). Suppose s = -4*x + 2*y + 344, 5*y = 4 - 24. List the prime factors of x.
2, 3, 7
Let t = 1856 + -946. List the prime factors of t.
2, 5, 7, 13
Suppose 0 = w + 3*a + 6, 2*a + 3*a = -5. Let i(f) = f + 8. Let j be i(w). Suppose -2*x - 5*u + 42 = -0*u, 4*u - 139 = -j*x. What are the prime factors of x?
31
Let w(k) = 11*k**2 + 11*k + 17. Let n(l) = 5*l**2 + 5*l + 9. Let r(f) = 7*n(f) - 3*w(f). List the prime factors of r(-7).
2, 3
Let i(g) = 10*g**2 + 8*g - 20. List the prime factors of i(10).
2, 5, 53
Let t(l) = 8*l**2 - 9*l - 692. List the prime factors of t(-24).
2, 1033
Suppose 11*r + 2342 = 7402. List the prime factors of r.
2, 5, 23
Suppose -6*d + 15179 = 2273. List the prime factors of d.
3, 239
Suppose -2*j + 2 = -2. Let p(v) = 4*v + 2*v**j + 1 - v + 3*v. List the prime factors of p(-4).
3
What are the prime factors of -3*(-35924)/21*(-2)/(-2)?
2, 1283
Suppose 0 = c - 2, -5*w - 4*c = -0*c - 578. Suppose 2*j + 181 = 3*q, 2*q - 3*j - w = -0*q. List the prime factors of q.
3, 7
Let l(r) = 8*r - 4. Let p be l(1). Suppose -6*m + p*m + 62 = 0. What are the prime factors of m?
31
Let f = -502 - -836. What are the prime factors of f?
2, 167
Suppose 0 = -28*s + 3359 + 785. What are the prime factors of s?
2, 37
Let r = -83 + 208. Suppose 2*g + 11 - r = 0. List the prime factors of g.
3, 19
Let b(w) = -2*w**3 - 12*w**2 - 17*w - 37. List the prime factors of b(-10).
3, 311
Let x be (-5)/1 + 1 - -37. Suppose 5*r = 5*t + x - 8, -3*t - 21 = -5*r. Let j(q) = q**3 - 2*q**2 + 1. What are the prime factors of j(r)?
2, 5
Suppose 68 = i - 0*i. Suppose 4*v + 5*n = 277, -4 + i = v + 3*n. List the prime factors of v.
73
Let u(d) = d**2 - 8*d + 3. Suppose -z = z + y - 7, -3 = -3*y. Let q be u(z). Let x = 0 - q. What are the prime factors of x?
2, 3
Let g = 17 - 17. Suppose -l = -g + 8. What are the prime factors of l/36 + (-436)/(-18)?
2, 3
Suppose 15*b - 4*b - 31856 = 0. List the prime factors of b.
2, 181
Suppose -c = 2*b - 2200 - 3186, -c + 4*b + 5404 = 0. List the prime factors of c.
2, 337
Suppose 3*a = 0, 2*f + 5*a - 16 = -0*a. Suppose f = q + 3*q. Let z = q + 16. What are the prime factors of z?
2, 3
Suppose -17*b = -37*b + 11300. List the prime factors of b.
5, 113
Suppose 0 = 2*v - 10, 4*v - 48 = -5*n + 12. Let c(w) = -w**2 + 7*w + 7. Let a be c(n). What are the prime factors of a/(70/(-68) + 1)?
2, 17
Suppose -3*f + 2 = -4*t + 30, 4*f = -16. Let h be 1/(-4) + 109/t. Suppose c - 4*l = 10, -2*l + 7 = -c + h. What are the prime factors of c?
2, 3, 5
Let s be (-238)/26 + 20/130. Let t = s + 12. List the prime factor